{"id":20,"date":"2017-02-16T15:37:53","date_gmt":"2017-02-16T15:37:53","guid":{"rendered":"http:\/\/terapiastrategicavenezia.it\/?page_id=15"},"modified":"2017-02-16T15:37:53","modified_gmt":"2017-02-16T15:37:53","slug":"home","status":"publish","type":"page","link":"http:\/\/terapiastrategicavenezia.it\/","title":{"rendered":"Home"},"content":{"rendered":"\n<style type=\"text\/css\" data-created_by=\"avia_inline_auto\" id=\"style-css-av-av_section-39130eb35d799df4131b15e3767d5380\">\n.avia-section.av-av_section-39130eb35d799df4131b15e3767d5380 .av-parallax .av-parallax-inner{\nbackground-repeat:no-repeat;\nbackground-image:url(http:\/\/terapiastrategicavenezia.it\/wp-content\/uploads\/2017\/02\/Terapia-Strategica-Venezia-Equilibrio-1.jpg);\nbackground-position:50% 50%;\nbackground-attachment:scroll;\n}\n.avia-section.av-av_section-39130eb35d799df4131b15e3767d5380 .av-section-color-overlay{\nopacity:0.5;\n}\n<\/style>\n<div id='av_section_1'  class='avia-section av-av_section-39130eb35d799df4131b15e3767d5380 main_color avia-section-default avia-no-border-styling  avia-builder-el-0  el_before_av_section  avia-builder-el-first  avia-full-stretch av-parallax-section avia-bg-style-parallax av-section-color-overlay-active av-minimum-height av-minimum-height-100  container_wrap fullsize'  data-section-bg-repeat='stretch' data-av_minimum_height_pc='100'><div class='av-parallax' data-avia-parallax-ratio='0.3' ><div class='av-parallax-inner main_color avia-full-stretch'><\/div><\/div><div class='av-section-color-overlay-wrap'><div class=\"av-section-color-overlay\"><\/div><a href='#next-section' title='' class='scroll-down-link ' aria-hidden='true' data-av_icon='\ue877' data-av_iconfont='entypo-fontello'><\/a><div class='container av-section-cont-open' ><main  role=\"main\" itemprop=\"mainContentOfPage\"  class='template-page content  av-content-full alpha units'><div class='post-entry post-entry-type-page post-entry-20'><div class='entry-content-wrapper clearfix'>\n\n<style type=\"text\/css\" data-created_by=\"avia_inline_auto\" id=\"style-css-av-av_heading-633749ce73b823c896b7825333709cfa\">\n#top .av-special-heading.av-av_heading-633749ce73b823c896b7825333709cfa{\npadding-bottom:10px;\ncolor:#ffffff;\n}\nbody .av-special-heading.av-av_heading-633749ce73b823c896b7825333709cfa .av-special-heading-tag .heading-char{\nfont-size:25px;\n}\n.av-special-heading.av-av_heading-633749ce73b823c896b7825333709cfa .special-heading-inner-border{\nborder-color:#ffffff;\n}\n.av-special-heading.av-av_heading-633749ce73b823c896b7825333709cfa .av-subheading{\nfont-size:15px;\n}\n<\/style>\n<div  class='av-special-heading av-av_heading-633749ce73b823c896b7825333709cfa av-special-heading-h3 custom-color-heading blockquote modern-quote modern-centered  avia-builder-el-1  avia-builder-el-no-sibling '><h3 class='av-special-heading-tag'  itemprop=\"headline\"  >Il miglior modo per prevedere il futuro \u00e8 inventarlo<\/h3><div class='av_custom_color av-subheading av-subheading_below'><p>F. Ford Coppola<\/p>\n<\/div><div class=\"special-heading-border\"><div class=\"special-heading-inner-border\"><\/div><\/div><\/div>\n\n<\/div><\/div><\/main><!-- close content main element --><\/div><\/div><\/div><div id='av_section_2'  class='avia-section av-av_section-bb9bdb22c7f9e6bf1d52c155825dc7f7 main_color avia-section-default avia-no-shadow  avia-builder-el-2  el_after_av_section  el_before_av_section  avia-bg-style-scroll container_wrap fullsize'  ><div class='container av-section-cont-open' ><div class='template-page content  av-content-full alpha units'><div class='post-entry post-entry-type-page post-entry-20'><div class='entry-content-wrapper clearfix'>\n<section  class='av_textblock_section av-av_textblock-2de302bf1aa3cf4c9157dbe6f50ac7eb'  itemscope=\"itemscope\" itemtype=\"https:\/\/schema.org\/CreativeWork\" ><div class='avia_textblock'  itemprop=\"text\" ><p>Ogni viaggio di mille miglia inizia con un piccolo passo. Cos\u00ec recita un antico proverbio Zen, che aiuta a percepire il senso della Terapia Breve Strategica: per quanto un problema appaia inaffrontabile o invalidante, c&#8217;\u00e8 un piccolo passo da fare che porta nella direzione del suo superamento.<\/p>\n<p>Noi siamo Marina Gardinale e Alice De Marchi. Psicoterapeute Strategiche, accomunate da una missione: quella di accompagnare le persone, siano essi adulti o bambini, ma anche famiglie, nella risoluzione dei disagi di natura psicologica.<\/p>\n<\/div><\/section>\n\n<style type=\"text\/css\" data-created_by=\"avia_inline_auto\" id=\"style-css-av-av_one_half-6126cab7d8fab8d08143dd2dacdf673c\">\n.flex_column.av-av_one_half-6126cab7d8fab8d08143dd2dacdf673c{\nborder-radius:0px 0px 0px 0px;\n-webkit-border-radius:0px 0px 0px 0px;\n-moz-border-radius:0px 0px 0px 0px;\n}\n<\/style>\n<div class='flex_column av-av_one_half-6126cab7d8fab8d08143dd2dacdf673c av_one_half  avia-builder-el-4  el_after_av_textblock  el_before_av_one_half  first flex_column_div av-zero-column-padding column-top-margin'   ><p>\n<style type=\"text\/css\" data-created_by=\"avia_inline_auto\" id=\"style-css-av-av_image-cbe6e83cdba363bbac43a564c640bc93\">\n.avia-image-container.av-av_image-cbe6e83cdba363bbac43a564c640bc93 .av-image-caption-overlay-center{\ncolor:#ffffff;\n}\n<\/style>\n<div  class='avia-image-container av-av_image-cbe6e83cdba363bbac43a564c640bc93 av-styling- avia-align-center  avia-builder-el-5  el_before_av_hr  avia-builder-el-first '  itemprop=\"image\" itemscope=\"itemscope\" itemtype=\"https:\/\/schema.org\/ImageObject\" ><div class=\"avia-image-container-inner\"><div class=\"avia-image-overlay-wrap\"><img class='wp-image-43 avia-img-lazy-loading-not-43 avia_image' src=\"http:\/\/terapiastrategicavenezia.it\/wp-content\/uploads\/2017\/02\/Terapia-Strategica-Venezia-Marina-Gardinale.jpg\" alt='' title='Terapia Strategica Venezia Marina Gardinale'  height=\"300\" width=\"300\"  itemprop=\"thumbnailUrl\" srcset=\"http:\/\/terapiastrategicavenezia.it\/wp-content\/uploads\/2017\/02\/Terapia-Strategica-Venezia-Marina-Gardinale.jpg 300w, http:\/\/terapiastrategicavenezia.it\/wp-content\/uploads\/2017\/02\/Terapia-Strategica-Venezia-Marina-Gardinale-150x150.jpg 150w\" sizes=\"(max-width: 300px) 100vw, 300px\" \/><\/div><\/div><\/div><br \/>\n\n<style type=\"text\/css\" data-created_by=\"avia_inline_auto\" id=\"style-css-av-av_hr-4474f20d2389e2e5ecf918a02da5132e\">\n#top .hr.hr-invisible.av-av_hr-4474f20d2389e2e5ecf918a02da5132e{\nheight:50px;\n}\n<\/style>\n<div  class='hr av-av_hr-4474f20d2389e2e5ecf918a02da5132e hr-invisible  avia-builder-el-6  el_after_av_image  el_before_av_textblock '><span class='hr-inner '><span class=\"hr-inner-style\"><\/span><\/span><\/div><br \/>\n<section  class='av_textblock_section av-av_textblock-2de302bf1aa3cf4c9157dbe6f50ac7eb'  itemscope=\"itemscope\" itemtype=\"https:\/\/schema.org\/CreativeWork\" ><div class='avia_textblock'  itemprop=\"text\" ><h4>Marina Gardinale<\/h4>\n<p>Sono psicologa psicoterapeuta,\u00a0laureata a Padova nel 1978, iscritta all\u2019albo degli psicologi del Veneto con il n\u00b0 746 e con riconoscimento del diritto all\u2019esercizio dell\u2019attivit\u00e0 psicoterapeutica in data 17\/11\/94.<\/p>\n<p>All\u2019iniziale formazione neuro psicologica e cognitiva\u00a0ho successivamente aggiunto quella in Terapia Breve Strategica conseguita presso il <a href=\"http:\/\/www.centroditerapiastrategica.org\/\">CTS<\/a> di Arezzo, con il quale ad oggi collaboro e svolgo attivit\u00e0 di ricerca-intervento, in particolare sull&#8217;applicazione delle tecniche strategiche alle paure e fobie dei bambini.<\/p>\n<p class=\"Stile3\">Ho collaborato con l\u2019Universit\u00e0 di Padova come docente presso la scuola di specializzazione della Facolt\u00e0 di Psicologia. oltre che con il\u00a0Gruppo MT condotto dal Prof. C. Cornoldi dell\u2019Universit\u00e0 di Padova. Ho inoltre svolto\u00a0attivit\u00e0 di formazione per la Protezione Civile della Provincia di Venezia.<\/p>\n<p class=\"Stile3\">Ho partecipato alla pubblicazione di diversi manuali in ambito psicologico:<\/p>\n<ul>\n<li class=\"Stile3\"><em>&#8220;<a href=\"http:\/\/www.erickson.it\/Libri\/Pagine\/Scheda-Libro.aspx?ItemId=37009\" target=\"_blank\" rel=\"noopener noreferrer\">Impulsivit\u00e0 e autocontrollo<\/a><\/em>&#8221; , <span class=\"Stile3\">1996<\/span> <span class=\"Stile3\">con C. Comoldi, M. Gardinale,A. Masi, L. Petten\u00f2, ed. Erickson<\/span><\/li>\n<li class=\"Stile3\">&#8220;<em><a href=\"http:\/\/www.erickson.it\/Libri\/Pagine\/Scheda-Libro.aspx?ItemId=36889\" target=\"_blank\" rel=\"noopener noreferrer\">Imparare a studiare 2<\/a><\/em>&#8220;, 2001 Cornoldi- De Beni- Gruppo MT ed. Erickson<\/li>\n<li class=\"Stile3\">&#8220;<a href=\"http:\/\/www.busolin-iof.com\/1\/elaborazione_del_lutto_2500886.html\" target=\"_blank\" rel=\"noopener noreferrer\">L&#8217;Albero della Vita, l&#8217;Esperienza del Lutto<\/a>&#8220;, Iof Busolin Editore<\/li>\n<\/ul>\n<p style=\"text-align: center;\">e-mail: <a href=\"mailto:marina.gardinale@gmail.com\">marina.gardinale@gmail.com<\/a><\/p>\n<p style=\"text-align: center;\">tel.: +39 333 218 0826<\/p>\n<p style=\"text-align: center;\">tel. studio:\u00a0041 634 581<\/p>\n<\/div><\/section><\/p><\/div>\n<style type=\"text\/css\" data-created_by=\"avia_inline_auto\" id=\"style-css-av-av_one_half-0aa7055fe62c3622faec82866afbaeb2\">\n.flex_column.av-av_one_half-0aa7055fe62c3622faec82866afbaeb2{\nborder-radius:0px 0px 0px 0px;\n-webkit-border-radius:0px 0px 0px 0px;\n-moz-border-radius:0px 0px 0px 0px;\n}\n<\/style>\n<div class='flex_column av-av_one_half-0aa7055fe62c3622faec82866afbaeb2 av_one_half  avia-builder-el-8  el_after_av_one_half  avia-builder-el-last  flex_column_div av-zero-column-padding column-top-margin'   ><p>\n<style type=\"text\/css\" data-created_by=\"avia_inline_auto\" id=\"style-css-av-av_image-7a63f75a5396815bb1f6448a2af7330c\">\n.avia-image-container.av-av_image-7a63f75a5396815bb1f6448a2af7330c .av-image-caption-overlay-center{\ncolor:#ffffff;\n}\n<\/style>\n<div  class='avia-image-container av-av_image-7a63f75a5396815bb1f6448a2af7330c av-styling- avia-align-center  avia-builder-el-9  el_before_av_hr  avia-builder-el-first '  itemprop=\"image\" itemscope=\"itemscope\" itemtype=\"https:\/\/schema.org\/ImageObject\" ><div class=\"avia-image-container-inner\"><div class=\"avia-image-overlay-wrap\"><img class='wp-image-44 avia-img-lazy-loading-not-44 avia_image' src=\"http:\/\/terapiastrategicavenezia.it\/wp-content\/uploads\/2017\/02\/Terapia-Strategica-Venezia-Alice-De-Marchi-300x300.jpg\" alt='' title='Terapia Strategica Venezia Alice De Marchi'  height=\"300\" width=\"300\"  itemprop=\"thumbnailUrl\" srcset=\"http:\/\/terapiastrategicavenezia.it\/wp-content\/uploads\/2017\/02\/Terapia-Strategica-Venezia-Alice-De-Marchi-300x300.jpg 300w, http:\/\/terapiastrategicavenezia.it\/wp-content\/uploads\/2017\/02\/Terapia-Strategica-Venezia-Alice-De-Marchi-1024x1024.jpg 1024w, http:\/\/terapiastrategicavenezia.it\/wp-content\/uploads\/2017\/02\/Terapia-Strategica-Venezia-Alice-De-Marchi-150x150.jpg 150w, http:\/\/terapiastrategicavenezia.it\/wp-content\/uploads\/2017\/02\/Terapia-Strategica-Venezia-Alice-De-Marchi-768x768.jpg 768w, http:\/\/terapiastrategicavenezia.it\/wp-content\/uploads\/2017\/02\/Terapia-Strategica-Venezia-Alice-De-Marchi-1536x1536.jpg 1536w, http:\/\/terapiastrategicavenezia.it\/wp-content\/uploads\/2017\/02\/Terapia-Strategica-Venezia-Alice-De-Marchi-2048x2048.jpg 2048w, http:\/\/terapiastrategicavenezia.it\/wp-content\/uploads\/2017\/02\/Terapia-Strategica-Venezia-Alice-De-Marchi-1200x1200.jpg 1200w, http:\/\/terapiastrategicavenezia.it\/wp-content\/uploads\/2017\/02\/Terapia-Strategica-Venezia-Alice-De-Marchi-1980x1980.jpg 1980w\" sizes=\"(max-width: 300px) 100vw, 300px\" \/><\/div><\/div><\/div><br \/>\n\n<style type=\"text\/css\" data-created_by=\"avia_inline_auto\" id=\"style-css-av-av_hr-4474f20d2389e2e5ecf918a02da5132e\">\n#top .hr.hr-invisible.av-av_hr-4474f20d2389e2e5ecf918a02da5132e{\nheight:50px;\n}\n<\/style>\n<div  class='hr av-av_hr-4474f20d2389e2e5ecf918a02da5132e hr-invisible  avia-builder-el-10  el_after_av_image  el_before_av_textblock '><span class='hr-inner '><span class=\"hr-inner-style\"><\/span><\/span><\/div><br \/>\n<section  class='av_textblock_section av-av_textblock-2de302bf1aa3cf4c9157dbe6f50ac7eb'  itemscope=\"itemscope\" itemtype=\"https:\/\/schema.org\/CreativeWork\" ><div class='avia_textblock'  itemprop=\"text\" ><h4>Alice De Marchi<\/h4>\n<p>Sono Psicologa Psicoterapeuta, laureata in Psicologia Clinica all&#8217;Universit\u00e0 degli studi di Padova, iscritta all&#8217;albo degli Psicologi del Veneto.<\/p>\n<p>Ho conseguito il master di II livello in Psicopatologia dell&#8217;Apprendimento all&#8217;Universit\u00e0 di Padova e successivamente la specializzazione in Psicoterapia Breve Strategica\u00a0presso il C.T.S. di Arezzo, presso il quale sono affiliata come Psicoterapeuta Ufficiale.<\/p>\n<p>Svolgo attivit\u00e0 clinica di terapia e consulenza per l&#8217;infanzia, l&#8217;adolescenza e le famiglie.<\/p>\n<p style=\"text-align: center;\">e-mail: <a href=\"mailto:psi.demarchi.alice@gmail.com\">psi.demarchi.alice@gmail.com<\/a><\/p>\n<p style=\"text-align: center;\">tel.: +39 347 908 7519<\/p>\n<p style=\"text-align: center;\">tel. studio:\u00a0041 634 581<\/p>\n<\/div><\/section><\/p><\/div><\/div><\/div><\/div><!-- close content main div --><\/div><\/div>\n<style type=\"text\/css\" data-created_by=\"avia_inline_auto\" id=\"style-css-av-av_section-af0fe9f0a1bda8c0ed107f5a905924a7\">\n.avia-section.av-av_section-af0fe9f0a1bda8c0ed107f5a905924a7 .av-parallax .av-parallax-inner{\nbackground-repeat:no-repeat;\nbackground-image:url(http:\/\/terapiastrategicavenezia.it\/wp-content\/uploads\/2017\/02\/Terapia-Strategica-Venezia-Equilibrio-2.jpg);\nbackground-position:50% 50%;\nbackground-attachment:scroll;\n}\n.avia-section.av-av_section-af0fe9f0a1bda8c0ed107f5a905924a7 .av-section-color-overlay{\nopacity:0.5;\n}\n<\/style>\n<div id='av_section_3'  class='avia-section av-av_section-af0fe9f0a1bda8c0ed107f5a905924a7 main_color avia-section-default avia-no-border-styling  avia-builder-el-12  el_after_av_section  el_before_av_section  avia-full-stretch av-parallax-section avia-bg-style-parallax av-section-color-overlay-active av-minimum-height av-minimum-height-50  container_wrap fullsize'  data-section-bg-repeat='stretch' data-av_minimum_height_pc='50'><div class='av-parallax' data-avia-parallax-ratio='0.3' ><div class='av-parallax-inner main_color avia-full-stretch'><\/div><\/div><div class='av-section-color-overlay-wrap'><div class=\"av-section-color-overlay\"><\/div><a href='#next-section' title='' class='scroll-down-link ' aria-hidden='true' data-av_icon='\ue877' data-av_iconfont='entypo-fontello'><\/a><div class='container av-section-cont-open' ><div class='template-page content  av-content-full alpha units'><div class='post-entry post-entry-type-page post-entry-20'><div class='entry-content-wrapper clearfix'>\n\n<style type=\"text\/css\" data-created_by=\"avia_inline_auto\" id=\"style-css-av-av_heading-47b09c3ce01b854ba7df24558ed29fa7\">\n#top .av-special-heading.av-av_heading-47b09c3ce01b854ba7df24558ed29fa7{\npadding-bottom:10px;\ncolor:#ffffff;\n}\nbody .av-special-heading.av-av_heading-47b09c3ce01b854ba7df24558ed29fa7 .av-special-heading-tag .heading-char{\nfont-size:25px;\n}\n.av-special-heading.av-av_heading-47b09c3ce01b854ba7df24558ed29fa7 .special-heading-inner-border{\nborder-color:#ffffff;\n}\n.av-special-heading.av-av_heading-47b09c3ce01b854ba7df24558ed29fa7 .av-subheading{\nfont-size:15px;\n}\n<\/style>\n<div  class='av-special-heading av-av_heading-47b09c3ce01b854ba7df24558ed29fa7 av-special-heading-h3 custom-color-heading blockquote modern-quote modern-centered  avia-builder-el-13  avia-builder-el-no-sibling '><h3 class='av-special-heading-tag'  itemprop=\"headline\"  >Non bisogna far violenza alla natura, ma persuaderla<\/h3><div class='av_custom_color av-subheading av-subheading_below'><p>Epicuro<\/p>\n<\/div><div class=\"special-heading-border\"><div class=\"special-heading-inner-border\"><\/div><\/div><\/div>\n<\/p>\n<\/div><\/div><\/div><!-- close content main div --><\/div><\/div><\/div><div id='av_section_4'  class='avia-section av-av_section-bb9bdb22c7f9e6bf1d52c155825dc7f7 main_color avia-section-default avia-no-shadow  avia-builder-el-14  el_after_av_section  el_before_av_section  avia-bg-style-scroll container_wrap fullsize'  ><div class='container av-section-cont-open' ><div class='template-page content  av-content-full alpha units'><div class='post-entry post-entry-type-page post-entry-20'><div class='entry-content-wrapper clearfix'>\n<section  class='av_textblock_section av-av_textblock-396ddf1f42196ca838231e61a4602801'  itemscope=\"itemscope\" itemtype=\"https:\/\/schema.org\/CreativeWork\" ><div class='avia_textblock'  itemprop=\"text\" ><p>Lo studio utilizza il modello di Psicoterapia Breve Strategica, sviluppato presso il <a href=\"http:\/\/www.centroditerapiastrategica.com\/\" target=\"_blank\" rel=\"noopener noreferrer\">Centro di Terapia Strategica<\/a> di Arezzo. Per uno psicoterapeuta, essere affiliato al C.T.S. significa ottenere un riconoscimento nella qualit\u00e0 ed efficacia del proprio lavoro, e partecipare alla ricerca-intervento per la diffusione e l&#8217;evoluzione del modello di Psicoterapia.<\/p>\n<p>Ma cosa significa Psicoterapia Breve Strategica?<\/p>\n<\/div><\/section>\n\n<style type=\"text\/css\" data-created_by=\"avia_inline_auto\" id=\"style-css-av-av_one_third-6126cab7d8fab8d08143dd2dacdf673c\">\n.flex_column.av-av_one_third-6126cab7d8fab8d08143dd2dacdf673c{\nborder-radius:0px 0px 0px 0px;\n-webkit-border-radius:0px 0px 0px 0px;\n-moz-border-radius:0px 0px 0px 0px;\n}\n<\/style>\n<div class='flex_column av-av_one_third-6126cab7d8fab8d08143dd2dacdf673c av_one_third  avia-builder-el-16  el_after_av_textblock  el_before_av_one_third  first flex_column_div av-zero-column-padding column-top-margin'   ><section  class='av_textblock_section av-av_textblock-396ddf1f42196ca838231e61a4602801'  itemscope=\"itemscope\" itemtype=\"https:\/\/schema.org\/CreativeWork\" ><div class='avia_textblock'  itemprop=\"text\" ><h3 style=\"text-align: center;\">Psicoterapia<\/h3>\n<p>L&#8217;accompagnamento terapeutico \u00e8 finalizzato al superamento di situazioni anche pesantemente invalidanti legati alla sfera psicologica della persona. L&#8217;obiettivo del terapeuta \u00e8 fornire alla persona gli strumenti per superare con efficacia la propria patologia, e migliorare sensibilmente la qualit\u00e0 della vita.<\/p>\n<\/div><\/section><\/div>\n<style type=\"text\/css\" data-created_by=\"avia_inline_auto\" id=\"style-css-av-av_one_third-0aa7055fe62c3622faec82866afbaeb2\">\n.flex_column.av-av_one_third-0aa7055fe62c3622faec82866afbaeb2{\nborder-radius:0px 0px 0px 0px;\n-webkit-border-radius:0px 0px 0px 0px;\n-moz-border-radius:0px 0px 0px 0px;\n}\n<\/style>\n<div class='flex_column av-av_one_third-0aa7055fe62c3622faec82866afbaeb2 av_one_third  avia-builder-el-18  el_after_av_one_third  el_before_av_one_third  flex_column_div av-zero-column-padding column-top-margin'   ><section  class='av_textblock_section av-av_textblock-396ddf1f42196ca838231e61a4602801'  itemscope=\"itemscope\" itemtype=\"https:\/\/schema.org\/CreativeWork\" ><div class='avia_textblock'  itemprop=\"text\" ><h3 style=\"text-align: center;\">Breve<\/h3>\n<p>Quando un problema \u00e8 invalidante, la persona deve essere messa nel pi\u00f9 breve tempo possibile nella condizione di riprendere in mano la propria vita. Ecco perch\u00e9, seguendo il modello della scuola di Palo Alto, l&#8217;attivit\u00e0 terapeutica mira a produrre risultati concreti fin dalla prima seduta, e in gran parte dei casi anche al superamento effettivo del problema entro dieci sedute.<\/p>\n<\/div><\/section><\/div>\n<style type=\"text\/css\" data-created_by=\"avia_inline_auto\" id=\"style-css-av-av_one_third-0aa7055fe62c3622faec82866afbaeb2\">\n.flex_column.av-av_one_third-0aa7055fe62c3622faec82866afbaeb2{\nborder-radius:0px 0px 0px 0px;\n-webkit-border-radius:0px 0px 0px 0px;\n-moz-border-radius:0px 0px 0px 0px;\n}\n<\/style>\n<div class='flex_column av-av_one_third-0aa7055fe62c3622faec82866afbaeb2 av_one_third  avia-builder-el-20  el_after_av_one_third  avia-builder-el-last  flex_column_div av-zero-column-padding column-top-margin'   ><section  class='av_textblock_section av-av_textblock-396ddf1f42196ca838231e61a4602801'  itemscope=\"itemscope\" itemtype=\"https:\/\/schema.org\/CreativeWork\" ><div class='avia_textblock'  itemprop=\"text\" ><h3 style=\"text-align: center;\">Strategica<\/h3>\n<p>Al contrario di altre correnti psicologiche basate sull&#8217;analisi, l&#8217;attivit\u00e0 Strategica \u00e8 centrata sul costruire una strategia efficace che permetta, nel pi\u00f9 breve tempo possibile, di uscire dal disturbo. Il terapeuta quindi costruisce insieme al paziente quel percorso che permetter\u00e0 di comprendere la logica del problema per usarla contro di esso, superandolo.<\/p>\n<\/div><\/section><\/div>\n\n<\/div><\/div><\/div><!-- close content main div --><\/div><\/div><div id='av_section_5'  class='avia-section av-av_section-31779286dc2676a8567fef3678c764df main_color avia-section-default avia-no-shadow  avia-builder-el-22  el_after_av_section  avia-builder-el-last  avia-bg-style-scroll container_wrap fullsize'  ><div class='container av-section-cont-open' ><div class='template-page content  av-content-full alpha units'><div class='post-entry post-entry-type-page post-entry-20'><div class='entry-content-wrapper clearfix'>\n<section  class='av_textblock_section av-av_textblock-2de302bf1aa3cf4c9157dbe6f50ac7eb'  itemscope=\"itemscope\" itemtype=\"https:\/\/schema.org\/CreativeWork\" ><div class='avia_textblock'  itemprop=\"text\" ><p>Ci trovi in Via Triestina 54\/20 a Favaro Veneto (VE)<\/p>\n<p>Tel.: 041 634 581<\/p>\n<\/div><\/section>\n<div  class='av_gmaps_sc_main_wrap av_gmaps_main_wrap '><div id='av_gmap_0' class='avia-google-map-container avia-google-map-sc av_gmaps_show_unconditionally av-no-fallback-img ' data-mapid='av_gmap_0'  style='height: 400px;'><a class=\"av_gmaps_browser_disabled av_text_confirm_link av_text_confirm_link_visible\" href=\"https:\/\/www.google.com\/maps\/search\/?api=1&#038;query=Via%20Triestina%2054%20%20Favaro%20Veneto%20%20Italia\" target=\"_blank\" rel=\"noopener\">Maps were disabled by the visitor on this site. Click to open the map in a new window.<\/a><\/div><\/div>\n\n","protected":false},"excerpt":{"rendered":"","protected":false},"author":1,"featured_media":0,"parent":0,"menu_order":0,"comment_status":"closed","ping_status":"closed","template":"","meta":[],"_links":{"self":[{"href":"http:\/\/terapiastrategicavenezia.it\/index.php\/wp-json\/wp\/v2\/pages\/20"}],"collection":[{"href":"http:\/\/terapiastrategicavenezia.it\/index.php\/wp-json\/wp\/v2\/pages"}],"about":[{"href":"http:\/\/terapiastrategicavenezia.it\/index.php\/wp-json\/wp\/v2\/types\/page"}],"author":[{"embeddable":true,"href":"http:\/\/terapiastrategicavenezia.it\/index.php\/wp-json\/wp\/v2\/users\/1"}],"replies":[{"embeddable":true,"href":"http:\/\/terapiastrategicavenezia.it\/index.php\/wp-json\/wp\/v2\/comments?post=20"}],"version-history":[{"count":0,"href":"http:\/\/terapiastrategicavenezia.it\/index.php\/wp-json\/wp\/v2\/pages\/20\/revisions"}],"wp:attachment":[{"href":"http:\/\/terapiastrategicavenezia.it\/index.php\/wp-json\/wp\/v2\/media?parent=20"}],"curies":[{"name":"wp","href":"https:\/\/api.w.org\/{rel}","templated":true}]}}